 -136 + -41211636?
-41212105
In base 14, what is -2 - dd88d90?
-dd88d92
In base 4, what is 210002 + 10223?
220231
In base 5, what is 12010 + 101413?
113423
In base 9, what is -4805 - 1481?
-6386
In base 3, what is 20 + -200221220210?
-200221220120
In base 7, what is -16 + 212522245?
212522226
In base 15, what is 123d4000 + -5?
123d3eea
In base 5, what is 10 + -22142423130?
-22142423120
In base 9, what is 483 - 67534?
-67041
In base 9, what is -107472 - -1251?
-106221
In base 5, what is 310413413243 - 2?
310413413241
In base 7, what is -4240 + -10642?
-15212
In base 3, what is -11020020102 + 202201?
-11012110201
In base 4, what is 32212 - -102322?
201200
In base 3, what is -200 + 20002002021012?
20002002020112
In base 2, what is 101 - -1000010001011001100100?
1000010001011001101001
In base 15, what is -d4 + -17b3b?
-17c20
In base 3, what is 1012011222122 + 1020?
1012012000212
In base 11, what is -2 + -3a600a?
-3a6011
In base 3, what is 1122 + 101012012001?
101012020200
In base 11, what is 35 + -39177?
-39142
In base 11, what is 81638a - 44?
816346
In base 6, what is 14120 - -131532?
150052
In base 6, what is 55252 + -544?
54304
In base 6, what is -2314134303 + 11?
-2314134252
In base 11, what is -8 - 43277662?
-4327766a
In base 15, what is 16 - -19462?
19478
In base 9, what is -75614675 - 3?
-75614678
In base 6, what is 2432030011 + -4?
2432030003
In base 10, what is 6 + -2478591?
-2478585
In base 4, what is -32311112 - 1103?
-32312221
In base 9, what is -34406 + -15?
-34422
In base 14, what is -c - 5b18?
-5b26
In base 5, what is 213302 + -4014?
204233
In base 14, what is -1dc5 - 3b2?
-2397
In base 14, what is -1dbb8 + 435c?
-1985a
In base 10, what is 3294 - -80385?
83679
In base 13, what is 27 - -56a249?
56a273
In base 2, what is -1011111100000001000010011000 + -100?
-1011111100000001000010011100
In base 2, what is 111000111111111011 + -110010011?
111000111001101000
In base 9, what is -38555480 + -1?
-38555481
In base 15, what is -1ce85 + -366?
-1d2eb
In base 11, what is 15a6 - 8533?
-6a38
In base 4, what is 110 - 1303331100?
-1303330330
In base 2, what is -110 + 101001010010011101000111?
101001010010011101000001
In base 9, what is -87 - 808647?
-808745
In base 11, what is 1074a - -2251?
129a0
In base 6, what is -44211333 - -15?
-44211314
In base 4, what is -322 - -101031032?
101030110
In base 11, what is -209 - -4a7a?
4871
In base 9, what is 87266 + 301?
87567
In base 12, what is 843 - 256ba?
-24a77
In base 2, what is 11011 - 1101010001100?
-1101001110001
In base 9, what is -2081 - -31104?
28013
In base 8, what is 12512631 - 27?
12512602
In base 5, what is 31442142030 + -1?
31442142024
In base 3, what is 1110 - 1101110021012?
-1101110012202
In base 4, what is -111302010021 - -120?
-111302003301
In base 2, what is -10101110011111110111 - 110101?
-10101110100000101100
In base 6, what is -5 - -155540144?
155540135
In base 5, what is 143243404 - -1?
143243410
In base 16, what is a37d8 + -57?
a3781
In base 5, what is 14 + 411111230?
411111244
In base 8, what is 675372 - -17?
675411
In base 10, what is -8 + 11905037?
11905029
In base 16, what is -f4048 + -16?
-f405e
In base 4, what is -30 + -33123030033?
-33123030123
In base 7, what is 54424041554 + 5?
54424041562
In base 10, what is -199614 + -116?
-199730
In base 15, what is -17c570 - -35c?
-17c213
In base 10, what is -4 + -141358307?
-141358311
In base 6, what is 5 - -433313055?
433313104
In base 15, what is -665 + 19d01?
1968b
In base 8, what is -111103 + -17272?
-130375
In base 12, what is 71 + -6451384?
-6451313
In base 8, what is 13 + 6406234?
6406247
In base 15, what is 4693 - 59d?
40e5
In base 12, what is 19 + 11098651?
1109866a
In base 16, what is 3cee7b1 - 5?
3cee7ac
In base 8, what is 21 + 16372533?
16372554
In base 11, what is 3210 + -27a?
2a41
In base 13, what is -554a + -32b8?
-8835
In base 10, what is 3 - -1617816?
1617819
In base 3, what is -102111 - -22211001?
22101120
In base 8, what is -4475 - 64177?
-70674
In base 15, what is -2436e + a?
-24364
In base 15, what is 3721 - 68a?
3086
In base 7, what is 644 + -32640?
-31663
In base 12, what is 289 + 1b37?
2204
In base 5, what is -410 + 3331221?
3330311
In base 6, what is -1120545 + 133?
-1120412
In base 13, what is 1031762 - 4?
103175b
In base 3, what is -11 + 10101012222200?
10101012222112
In base 13, what is -84a02 + -41?
-84a43
In base 8, what is 666461517 + 6?
666461525
In base 2, what is -1 + 101011111001001101010100?
101011111001001101010011
In base 11, what is 17 - 13372a4?
-1337288
In base 11, what is 1 - 1694a6?
-1694a5
In base 8, what is 54 + -173624?
-173550
In base 2, what is 1 + 100110101011001100011?
100110101011001100100
In base 3, what is -22211 + 1122102101?
1122002120
In base 13, what is -15556 + 391c?
-11937
In base 6, what is -104400 - 44112?
-152512
In base 12, what is 4 - 5083150a?
-50831506
In base 11, what is -835 + -1003?
-1838
In base 5, what is 1343223 + -220?
1343003
In base 6, what is 4 + -140401232?
-140401224
In base 2, what is -10110110011010001000 - 100000?
-10110110011010101000
In base 9, what is 831824 + 8?
831833
In base 9, what is 655520 - 17?
655502
In base 9, what is -12165 - 1167?
-13343
In base 14, what is -12 + -6037cc1?
-6037cd3
In base 6, what is -225 - 1122250?
-1122515
In base 6, what is -2 + 11412343?
11412341
In base 5, what is -11 + -22104124243?
-22104124304
In base 16, what is 2 + -554c07b?
-554c079
In base 6, what is -3 - -242500012?
242500005
In base 7, what is -313 - -1014?
401
In base 2, what is 100 - 1010111011100101110001101101?
-1010111011100101110001101001
In base 5, what is -12341 - -1021120?
1003224
In base 13, what is -7797a7 - -2?
-7797a5
In base 14, what is -234bd4c3 + 3?
-234bd4c0
In base 7, what is -202 - 3055013?
-3055215
In base 15, what is 7682b - 5?
76826
In base 2, what is -110000010100 + 1000000101001?
10000010101
In base 5, what is 31 - 3344431143?
-3344431112
In base 15, what is -13 + -4a8c28?
-4a8c3b
In base 16, what is -2fd9e - 103?
-2fea1
In base 8, what is 51 - -4340771?
4341042
In base 5, what is 4400 + 1321404?
1331304
In base 2, what is 1010110110011010010 - 10111?
1010110110010111011
In base 12, what is 140 + -195a8?
-19468
In base 15, what is -d + -15e40d?
-15e41b
In base 2, what is 11011000111010 + 10101100011110?
110000101011000
In base 7, what is -52021 - -255?
-51433
In base 12, what is -4 - -2b53814?
2b53810
In base 11, what is 12470a56 - 1?
12470a55
In base 16, what is -60edefe - -4?
-60edefa
In base 6, what is -20344 - 1553525?
-2014313
In base 15, what is 69 - 32990?
-32926
In base 10, what is -8461648 - 2?
-8461650
In base 9, what is -37387 + 126883?
78485
In base 10, what is 41703 - -325?
42028
In base 10, what is 58544008 - 1?
58544007
In base 3, what is -1 + -220020212221120?
-220020212221121
In base 3, what is -10111001 + 11112100000?
11101211222
In base 13, what is ba663 - 2?
ba661
In base 2, what is 111011100100101111 + 1001100?
111011100101111011
In base 3, what is 121011 - -22102001012?
22102122100
In base 12, what is 75b + 330725?
331284
In base 7, what is -3544646 + -20?
-3544666
In base 6, what is -3 - 23051314241?
-23051314244
In base 13, what is c539bb4 - -3?
c539bb7
In base 12, what is -13a0a5a - -4?
-13a0a56
In base 6, what is 3134 + 1150021?
1153155
In base 9, what is -6 - -46712271?
46712264
In base 2, what is -1110001000101011 - 100010001100?
-1110101010110111
In base 3, what is 2 - 11220202122021?
-11220202122012
In base 15, what is 9b3 + 20b0?
2a73
In base 5, what is -310 - -1024304222?
1024303412
In base 10, what is -2855 - -142555?
139700
In base 8, what is 16 - 3063544?
-3063526
In base 6, what is 224 - -135213321?
135213545
In base 11, what is 1 - 3269004?
-3269003
In base 3, what is 1101 - 102122211200?
-102122210022
In base 15, what is 1 + -314a157?
-314a156
In base 14, what is 9d499b - 0?
9d499b
In base 4, what is 102100133 - -120?
102100313
In base 7, what is -526 - 1206?
-2035
In base 11, what is -592 + -33068?
-3364a
In base 16, what is a1f9ec - 0?
a1f9ec
In base 14, what is 1b + 8720b?
87228
In base 6, what is -101154105 + -44?
-101154153
In base 13, what is -4a60 + -687a?
-b60a
In base 3, what is 220000210012 - -2111?
220000212200
In base 9, what is 73 + 3638858?
3640042
In base 10, what is 2594 + -33177?